{"id":7,"date":"2016-03-15T09:44:41","date_gmt":"2016-03-15T08:44:41","guid":{"rendered":"http:\/\/server.diylab.si\/dkd-svoboda\/wordpress\/?page_id=7"},"modified":"2016-03-16T15:06:41","modified_gmt":"2016-03-16T14:06:41","slug":"drustvo","status":"publish","type":"page","link":"https:\/\/www.svoboda-senovo.si\/index.php\/drustvo\/","title":{"rendered":"O dru\u0161tvu"},"content":{"rendered":"<p><strong>Podatki<\/strong><\/p>\n<p>Delavsko kulturno dru\u0161tvo Svoboda Senovo<br \/>\nTitova cesta 97<br \/>\n8281 Senovo<br \/>\nDav\u010dna \u0161tevilka:\u00a070872660 (nismo zavezanci)<br \/>\nMati\u010dna \u0161tevilka:\u00a05203520000<br \/>\nZakoniti zastopnik: <a href=\"mailto:joze.soln@gmail.com\" target=\"_blank\">Jo\u017ee \u0160oln<\/a> (GSM: 041-598-223)<br \/>\nTRR:\u00a0SI56 0298 1009 1917 214 (NLB)<\/p>\n<p><strong>Kje se nahajamo<\/strong><br \/>\n<div class=\"wpgmp_map_container wpgmp-map-1\" rel=\"map1\"><div class=\"wpgmp_map_parent\"><div class=\"wpgmp_map \" style=\"width:750px; height:300px;\" id=\"map1\" ><\/div><\/div><\/div><script>jQuery(document).ready(function($) {var map1 = $(\"#map1\").maps({\"map_options\":{\"center_lat\":\"46.0210067\",\"center_lng\":\"15.4766707\",\"zoom\":16,\"map_type_id\":\"ROADMAP\",\"draggable\":true,\"scroll_wheel\":true,\"display_45_imagery\":\"\",\"marker_default_icon\":\"\",\"infowindow_setting\":\"\",\"infowindow_bounce_animation\":null,\"infowindow_drop_animation\":false,\"close_infowindow_on_map_click\":false,\"default_infowindow_open\":false,\"infowindow_open_event\":\"click\",\"full_screen_control\":true,\"search_control\":true,\"zoom_control\":true,\"map_type_control\":false,\"street_view_control\":true,\"full_screen_control_position\":null,\"search_control_position\":\"TOP_LEFT\",\"zoom_control_position\":\"TOP_LEFT\",\"map_type_control_position\":\"TOP_RIGHT\",\"map_type_control_style\":\"HORIZONTAL_BAR\",\"street_view_control_position\":\"TOP_LEFT\",\"map_control\":true,\"map_control_settings\":false,\"map_zoom_after_search\":6,\"width\":\"750\",\"height\":\"300\"},\"places\":[{\"id\":\"1\",\"title\":\"DKD Svoboda Senovo\",\"address\":\"Titova cesta 97\",\"source\":\"manual\",\"content\":\"Delavsko kulturno dru\\u0161tvo Svoboda Senovo\\r\\n<\\\/br>Titova cesta 97\\r\\n<\\\/br>8281 Senovo\",\"location\":{\"icon\":\"https:\\\/\\\/www.svoboda-senovo.si\\\/wp-content\\\/plugins\\\/wp-google-map-plugin\\\/assets\\\/images\\\/default_marker.png\",\"lat\":\"46.0210067\",\"lng\":\"15.4766707\",\"city\":\"Senovo\",\"state\":\"Kr\\u0161ko\",\"country\":\"Slovenia\",\"onclick_action\":\"marker\",\"redirect_custom_link\":\"\",\"marker_image\":\"\",\"open_new_tab\":\"yes\",\"postal_code\":\"8281\",\"draggable\":false,\"infowindow_default_open\":true,\"animation\":\"BOUNCE\",\"infowindow_disable\":true,\"zoom\":5,\"extra_fields\":\"\"},\"categories\":[],\"custom_filters\":\"\"}],\"styles\":\"\",\"listing\":\"\",\"map_property\":{\"map_id\":\"1\"}}).data(\"wpgmp_maps\");});<\/script><\/p>\n<p>&nbsp;<\/p>\n","protected":false},"excerpt":{"rendered":"<p>Podatki Delavsko kulturno dru\u0161tvo Svoboda Senovo Titova cesta 97 8281 Senovo Dav\u010dna \u0161tevilka:\u00a070872660 (nismo zavezanci) Mati\u010dna \u0161tevilka:\u00a05203520000 Zakoniti zastopnik: Jo\u017ee \u0160oln (GSM: 041-598-223) TRR:\u00a0SI56 0298 1009 1917 214 (NLB) Kje se nahajamo &nbsp;<\/p>\n","protected":false},"author":1,"featured_media":0,"parent":0,"menu_order":0,"comment_status":"closed","ping_status":"closed","template":"","meta":{"spay_email":""},"jetpack_sharing_enabled":true,"jetpack_shortlink":"https:\/\/wp.me\/P8fvCk-7","jetpack-related-posts":[{"id":134,"url":"https:\/\/www.svoboda-senovo.si\/index.php\/povezave\/","url_meta":{"origin":7,"position":0},"title":"Povezave","date":"30. 12. 2016","format":false,"excerpt":"Podpirajo nas: \u00a0 Krajevna skupnost Senovo \u00a0 \u00a0 \u00a0 \u00a0 \u00a0 \u00a0 \u00a0 \u00a0 \u00a0 \u00a0 \u00a0 \u00a0 Ob\u010dina Kr\u0161ko \u00a0 \u00a0 \u00a0 \u00a0Zavarovalnica Triglav \u00a0 Hidroelektrarne na Spodnji Savi \u00a0Nuklearna elektrarna Kr\u0161ko \u00a0Javni sklad Republike Slovenije za kulturne dejavnosti \u00a0Rudar Senovo \u00a0Metalna Senovo Gradbena mehanizacija in prevozni\u0161tvo Jo\u017ee Po\u017eun\u2026","rel":"","context":"Similar post","img":{"alt_text":"","src":"","width":0,"height":0},"classes":[]},{"id":16,"url":"https:\/\/www.svoboda-senovo.si\/index.php\/folklorna-sekcija\/","url_meta":{"origin":7,"position":1},"title":"FOLKLORNA SEKCIJA","date":"15. 3. 2016","format":false,"excerpt":"","rel":"","context":"Similar post","img":{"alt_text":"","src":"","width":0,"height":0},"classes":[]},{"id":1127,"url":"https:\/\/www.svoboda-senovo.si\/index.php\/sponzorji\/","url_meta":{"origin":7,"position":2},"title":"Sponzorji","date":"9. 10. 2022","format":false,"excerpt":"","rel":"","context":"Similar post","img":{"alt_text":"","src":"https:\/\/i0.wp.com\/www.svoboda-senovo.si\/wp-content\/uploads\/2022\/11\/efekt.png?resize=350%2C200&ssl=1","width":350,"height":200},"classes":[]},{"id":20,"url":"https:\/\/www.svoboda-senovo.si\/index.php\/lutkovna-sekcija\/","url_meta":{"origin":7,"position":3},"title":"LUTKOVNA SEKCIJA","date":"16. 3. 2016","format":false,"excerpt":"Lutkovna skupina DKD Svoboda Senovo je bila ustanovljena v za\u010detku leta 2010. S tem se je po pribli\u017eno petih desetletjih v dru\u0161tvu ponovno obudilo lutkarstvo. Na ustanovnem sestanku, na katerem je bilo prisotnih 7 \u010dlanov dru\u0161tva, smo se dogovorili, da se bomo spoprijeli tako z izdelavo lutk, scene in scenskih\u2026","rel":"","context":"Similar post","img":{"alt_text":"","src":"","width":0,"height":0},"classes":[]},{"id":47,"url":"https:\/\/www.svoboda-senovo.si\/index.php\/drustvo\/akti\/","url_meta":{"origin":7,"position":4},"title":"Akti","date":"16. 3. 2016","format":false,"excerpt":"Na spodnjih povezavah so vam na voljo akti dru\u0161tva. STATUT ANEKS K STATUTU PRISTOPNA IZJAVA POSLOVNIK DKD- prenovljen","rel":"","context":"Similar post","img":{"alt_text":"","src":"","width":0,"height":0},"classes":[]},{"id":132,"url":"https:\/\/www.svoboda-senovo.si\/index.php\/obvestilnik\/","url_meta":{"origin":7,"position":5},"title":"Obvestilnik","date":"30. 12. 2016","format":false,"excerpt":"V kolikor bi \u017eeleli prejemati ob\u010dasna obvestila o dogodkih in drugem dogajanju dru\u0161tva, se na spodnjem obrazcu prijavite na obvestilnik. S prejemanja elektronske po\u0161te se lahko vedno odjavite na povezavi v dnu elektronskega sporo\u010dila.","rel":"","context":"Similar post","img":{"alt_text":"","src":"","width":0,"height":0},"classes":[]}],"_links":{"self":[{"href":"https:\/\/www.svoboda-senovo.si\/index.php\/wp-json\/wp\/v2\/pages\/7"}],"collection":[{"href":"https:\/\/www.svoboda-senovo.si\/index.php\/wp-json\/wp\/v2\/pages"}],"about":[{"href":"https:\/\/www.svoboda-senovo.si\/index.php\/wp-json\/wp\/v2\/types\/page"}],"author":[{"embeddable":true,"href":"https:\/\/www.svoboda-senovo.si\/index.php\/wp-json\/wp\/v2\/users\/1"}],"replies":[{"embeddable":true,"href":"https:\/\/www.svoboda-senovo.si\/index.php\/wp-json\/wp\/v2\/comments?post=7"}],"version-history":[{"count":7,"href":"https:\/\/www.svoboda-senovo.si\/index.php\/wp-json\/wp\/v2\/pages\/7\/revisions"}],"predecessor-version":[{"id":60,"href":"https:\/\/www.svoboda-senovo.si\/index.php\/wp-json\/wp\/v2\/pages\/7\/revisions\/60"}],"wp:attachment":[{"href":"https:\/\/www.svoboda-senovo.si\/index.php\/wp-json\/wp\/v2\/media?parent=7"}],"curies":[{"name":"wp","href":"https:\/\/api.w.org\/{rel}","templated":true}]}}